{"id":81,"date":"2016-01-19T09:08:53","date_gmt":"2016-01-19T08:08:53","guid":{"rendered":"http:\/\/pousadasduportugal.com\/?page_id=81"},"modified":"2016-01-22T09:29:01","modified_gmt":"2016-01-22T08:29:01","slug":"epicerie","status":"publish","type":"page","link":"https:\/\/www.pousadasduportugal.com\/index.php\/epicerie\/","title":{"rendered":"EPICERIE"},"content":{"rendered":"<div id=\"pl-81\"><div class=\"panel-grid\" id=\"pg-81-0\" ><div class=\"panel-grid-cell\" id=\"pgc-81-0-0\" ><div class=\"so-panel widget widget_text panel-first-child panel-last-child\" id=\"panel-81-0-0-0\">\t\t\t<div class=\"textwidget\">Vous aimez les produits du Portugal ? \nVous les trouverez \u00e0 l'\u00e9picerie de l'\u00e9tablissement POUSADAS DU PORTUGAL. \nChez DA CUNHA vous trouverez un large choix de produits frais et surgel\u00e9s.\nNous vous accueillons tous le jours de 10H30 \u00e0 15H0, nous sommes \u00e0 votre disposition pour r\u00e9pondre \u00e0 toutes vos questions ou pour vous donner tout compl\u00e9ment d'information au 04.73.79.17.87 ou au 06.09.43.26.04<\/div>\n\t\t<\/div><\/div><\/div><div class=\"panel-grid\" id=\"pg-81-1\" ><div class=\"panel-grid-cell\" id=\"pgc-81-1-0\" ><div class=\"so-panel widget widget_sow-image panel-first-child panel-last-child\" id=\"panel-81-1-0-0\"><div class=\"so-widget-sow-image so-widget-sow-image-base\">\n\t<img src=\"https:\/\/www.pousadasduportugal.com\/wp-content\/uploads\/2016\/01\/epi4g.jpg\" width=\"600\" height=\"800\"  class=\"so-widget-image\" style=\"max-width:100%; height:auto; display:block\" \/>\n<\/div><\/div><\/div><div class=\"panel-grid-cell\" id=\"pgc-81-1-1\" ><div class=\"so-panel widget widget_sow-image panel-first-child panel-last-child\" id=\"panel-81-1-1-0\"><div class=\"so-widget-sow-image so-widget-sow-image-base\">\n\t<img src=\"https:\/\/www.pousadasduportugal.com\/wp-content\/uploads\/2016\/01\/epi3g.jpg\" width=\"600\" height=\"800\"  class=\"so-widget-image\" style=\"max-width:100%; height:auto; display:block\" \/>\n<\/div><\/div><\/div><\/div><div class=\"panel-grid\" id=\"pg-81-2\" ><div class=\"panel-grid-cell\" id=\"pgc-81-2-0\" ><div class=\"so-panel widget widget_sow-image panel-first-child panel-last-child\" id=\"panel-81-2-0-0\"><div class=\"so-widget-sow-image so-widget-sow-image-base\">\n\t<img src=\"https:\/\/www.pousadasduportugal.com\/wp-content\/uploads\/2016\/01\/epi2g.jpg\" width=\"600\" height=\"800\"  class=\"so-widget-image\" style=\"max-width:100%; height:auto; display:block\" \/>\n<\/div><\/div><\/div><div class=\"panel-grid-cell\" id=\"pgc-81-2-1\" ><div class=\"so-panel widget widget_sow-image panel-first-child panel-last-child\" id=\"panel-81-2-1-0\"><div class=\"so-widget-sow-image so-widget-sow-image-base\">\n\t<img src=\"https:\/\/www.pousadasduportugal.com\/wp-content\/uploads\/2016\/01\/epi1g.jpg\" width=\"600\" height=\"800\"  class=\"so-widget-image\" style=\"max-width:100%; height:auto; display:block\" \/>\n<\/div><\/div><\/div><\/div><\/div>","protected":false},"excerpt":{"rendered":"<p>Vous aimez les produits du Portugal ? Vous les trouverez \u00e0 l&rsquo;\u00e9picerie de l&rsquo;\u00e9tablissement POUSADAS DU PORTUGAL. Chez DA CUNHA vous trouverez un large choix de produits frais et surgel\u00e9s. Nous vous accueillons tous le jours de 10H30 \u00e0 15H0, nous sommes \u00e0 votre disposition pour r\u00e9pondre \u00e0 toutes vos &#8230;<\/p>\n","protected":false},"author":1,"featured_media":0,"parent":0,"menu_order":0,"comment_status":"closed","ping_status":"closed","template":"","meta":[],"_links":{"self":[{"href":"https:\/\/www.pousadasduportugal.com\/index.php\/wp-json\/wp\/v2\/pages\/81"}],"collection":[{"href":"https:\/\/www.pousadasduportugal.com\/index.php\/wp-json\/wp\/v2\/pages"}],"about":[{"href":"https:\/\/www.pousadasduportugal.com\/index.php\/wp-json\/wp\/v2\/types\/page"}],"author":[{"embeddable":true,"href":"https:\/\/www.pousadasduportugal.com\/index.php\/wp-json\/wp\/v2\/users\/1"}],"replies":[{"embeddable":true,"href":"https:\/\/www.pousadasduportugal.com\/index.php\/wp-json\/wp\/v2\/comments?post=81"}],"version-history":[{"count":6,"href":"https:\/\/www.pousadasduportugal.com\/index.php\/wp-json\/wp\/v2\/pages\/81\/revisions"}],"predecessor-version":[{"id":85,"href":"https:\/\/www.pousadasduportugal.com\/index.php\/wp-json\/wp\/v2\/pages\/81\/revisions\/85"}],"wp:attachment":[{"href":"https:\/\/www.pousadasduportugal.com\/index.php\/wp-json\/wp\/v2\/media?parent=81"}],"curies":[{"name":"wp","href":"https:\/\/api.w.org\/{rel}","templated":true}]}}